{"id":4763,"date":"2025-01-16T17:27:27","date_gmt":"2025-01-16T17:27:27","guid":{"rendered":"https:\/\/logivia.cl\/?page_id=4763"},"modified":"2025-10-28T23:28:21","modified_gmt":"2025-10-28T23:28:21","slug":"servicios","status":"publish","type":"page","link":"https:\/\/logivia.cl\/index.php\/servicios\/","title":{"rendered":"Servicios"},"content":{"rendered":"\t\t<div data-elementor-type=\"wp-page\" data-elementor-id=\"4763\" class=\"elementor elementor-4763\" data-elementor-post-type=\"page\">\n\t\t\t\t\t\t<section class=\"elementor-section elementor-top-section elementor-element elementor-element-b251ba9 elementor-section-boxed elementor-section-height-default elementor-section-height-default\" data-id=\"b251ba9\" data-element_type=\"section\" data-e-type=\"section\" data-settings=\"{&quot;jet_parallax_layout_list&quot;:[]}\">\n\t\t\t\t\t\t<div class=\"elementor-container elementor-column-gap-default\">\n\t\t\t\t\t<div class=\"elementor-column elementor-col-100 elementor-top-column elementor-element elementor-element-ff3bd13\" data-id=\"ff3bd13\" data-element_type=\"column\" data-e-type=\"column\">\n\t\t\t<div class=\"elementor-widget-wrap elementor-element-populated\">\n\t\t\t\t\t\t<div class=\"elementor-element elementor-element-533fe1a elementor-grid-1 elementor-posts--thumbnail-left elementor-posts--align-left elementor-grid-tablet-2 elementor-grid-mobile-1 elementor-widget elementor-widget-posts\" data-id=\"533fe1a\" data-element_type=\"widget\" data-e-type=\"widget\" data-settings=\"{&quot;classic_columns&quot;:&quot;1&quot;,&quot;classic_row_gap&quot;:{&quot;unit&quot;:&quot;px&quot;,&quot;size&quot;:55,&quot;sizes&quot;:[]},&quot;classic_columns_tablet&quot;:&quot;2&quot;,&quot;classic_columns_mobile&quot;:&quot;1&quot;,&quot;classic_row_gap_tablet&quot;:{&quot;unit&quot;:&quot;px&quot;,&quot;size&quot;:&quot;&quot;,&quot;sizes&quot;:[]},&quot;classic_row_gap_mobile&quot;:{&quot;unit&quot;:&quot;px&quot;,&quot;size&quot;:&quot;&quot;,&quot;sizes&quot;:[]}}\" data-widget_type=\"posts.classic\">\n\t\t\t\t<div class=\"elementor-widget-container\">\n\t\t\t\t\t\t\t<div class=\"elementor-posts-container elementor-posts elementor-posts--skin-classic elementor-grid\" role=\"list\">\n\t\t\t\t<article class=\"elementor-post elementor-grid-item post-4931 post type-post status-publish format-standard has-post-thumbnail hentry category-servicios\" role=\"listitem\">\n\t\t\t\t<a class=\"elementor-post__thumbnail__link\" href=\"https:\/\/logivia.cl\/index.php\/2025\/10\/27\/acompanamiento-para-cargas-sobredimensionadas\/\" tabindex=\"-1\" >\n\t\t\t<div class=\"elementor-post__thumbnail\"><img fetchpriority=\"high\" decoding=\"async\" width=\"800\" height=\"400\" src=\"https:\/\/logivia.cl\/wp-content\/uploads\/2025\/10\/LOGIVIA_005-1024x512.jpg\" class=\"attachment-large size-large wp-image-4961\" alt=\"\" srcset=\"https:\/\/logivia.cl\/wp-content\/uploads\/2025\/10\/LOGIVIA_005-1024x512.jpg 1024w, https:\/\/logivia.cl\/wp-content\/uploads\/2025\/10\/LOGIVIA_005-300x150.jpg 300w, https:\/\/logivia.cl\/wp-content\/uploads\/2025\/10\/LOGIVIA_005-768x384.jpg 768w, https:\/\/logivia.cl\/wp-content\/uploads\/2025\/10\/LOGIVIA_005-1536x768.jpg 1536w, https:\/\/logivia.cl\/wp-content\/uploads\/2025\/10\/LOGIVIA_005-600x300.jpg 600w, https:\/\/logivia.cl\/wp-content\/uploads\/2025\/10\/LOGIVIA_005.jpg 2000w\" sizes=\"(max-width: 800px) 100vw, 800px\" \/><\/div>\n\t\t<\/a>\n\t\t\t\t<div class=\"elementor-post__text\">\n\t\t\t\t<h3 class=\"elementor-post__title\">\n\t\t\t<a href=\"https:\/\/logivia.cl\/index.php\/2025\/10\/27\/acompanamiento-para-cargas-sobredimensionadas\/\" >\n\t\t\t\tAcompa\u00f1amiento para cargas sobredimensionadas\t\t\t<\/a>\n\t\t<\/h3>\n\t\t\t\t<div class=\"elementor-post__excerpt\">\n\t\t\t<p>Durante el traslado, mantenemos comunicaci\u00f3n constante con los conductores, monitoreamos el trayecto y actuamos en tiempo real ante contingencias. Nuestro personal capacitado garantiza que todas las maniobras viales se realicen con seguridad y eficiencia. Asimismo, disponemos de cobertura nacional: podemos operar en zonas remotas. Este servicio es particularmente valioso para<\/p>\n\t\t<\/div>\n\t\t\n\t\t<a class=\"elementor-post__read-more\" href=\"https:\/\/logivia.cl\/index.php\/2025\/10\/27\/acompanamiento-para-cargas-sobredimensionadas\/\" aria-label=\"M\u00e1s informaci\u00f3n sobre Acompa\u00f1amiento para cargas sobredimensionadas\" tabindex=\"-1\" >\n\t\t\tLeer m\u00e1s \u00bb\t\t<\/a>\n\n\t\t\t\t<\/div>\n\t\t\t\t<\/article>\n\t\t\t\t<article class=\"elementor-post elementor-grid-item post-4924 post type-post status-publish format-standard has-post-thumbnail hentry category-servicios\" role=\"listitem\">\n\t\t\t\t<a class=\"elementor-post__thumbnail__link\" href=\"https:\/\/logivia.cl\/index.php\/2025\/10\/27\/custodia-para-cargas-con-sobrepeso\/\" tabindex=\"-1\" >\n\t\t\t<div class=\"elementor-post__thumbnail\"><img decoding=\"async\" width=\"800\" height=\"400\" src=\"https:\/\/logivia.cl\/wp-content\/uploads\/2025\/10\/LOGIVIA_002-1024x512.jpg\" class=\"attachment-large size-large wp-image-4963\" alt=\"\" srcset=\"https:\/\/logivia.cl\/wp-content\/uploads\/2025\/10\/LOGIVIA_002-1024x512.jpg 1024w, https:\/\/logivia.cl\/wp-content\/uploads\/2025\/10\/LOGIVIA_002-300x150.jpg 300w, https:\/\/logivia.cl\/wp-content\/uploads\/2025\/10\/LOGIVIA_002-768x384.jpg 768w, https:\/\/logivia.cl\/wp-content\/uploads\/2025\/10\/LOGIVIA_002-1536x768.jpg 1536w, https:\/\/logivia.cl\/wp-content\/uploads\/2025\/10\/LOGIVIA_002-600x300.jpg 600w, https:\/\/logivia.cl\/wp-content\/uploads\/2025\/10\/LOGIVIA_002.jpg 2000w\" sizes=\"(max-width: 800px) 100vw, 800px\" \/><\/div>\n\t\t<\/a>\n\t\t\t\t<div class=\"elementor-post__text\">\n\t\t\t\t<h3 class=\"elementor-post__title\">\n\t\t\t<a href=\"https:\/\/logivia.cl\/index.php\/2025\/10\/27\/custodia-para-cargas-con-sobrepeso\/\" >\n\t\t\t\tCustodia para cargas con sobrepeso\t\t\t<\/a>\n\t\t<\/h3>\n\t\t\t\t<div class=\"elementor-post__excerpt\">\n\t\t\t<p>Cuando una carga excede los l\u00edmites de peso normativos, se requiere no solo acompa\u00f1amiento, sino tambi\u00e9n custodia especializada para proteger la carga y salvaguardar el cumplimiento de la normativa vigente. Este servicio de custodia est\u00e1 orientado a cargas indivisibles que demandan vigilancia constante, medidas de seguridad y seguimiento institucional. Logivia<\/p>\n\t\t<\/div>\n\t\t\n\t\t<a class=\"elementor-post__read-more\" href=\"https:\/\/logivia.cl\/index.php\/2025\/10\/27\/custodia-para-cargas-con-sobrepeso\/\" aria-label=\"M\u00e1s informaci\u00f3n sobre Custodia para cargas con sobrepeso\" tabindex=\"-1\" >\n\t\t\tLeer m\u00e1s \u00bb\t\t<\/a>\n\n\t\t\t\t<\/div>\n\t\t\t\t<\/article>\n\t\t\t\t<article class=\"elementor-post elementor-grid-item post-4919 post type-post status-publish format-standard has-post-thumbnail hentry category-servicios\" role=\"listitem\">\n\t\t\t\t<a class=\"elementor-post__thumbnail__link\" href=\"https:\/\/logivia.cl\/index.php\/2025\/10\/27\/gestion-integral-y-coordinacion-de-transporte-especial\/\" tabindex=\"-1\" >\n\t\t\t<div class=\"elementor-post__thumbnail\"><img decoding=\"async\" width=\"800\" height=\"400\" src=\"https:\/\/logivia.cl\/wp-content\/uploads\/2025\/10\/LOGIVIA_004-1024x512.jpg\" class=\"attachment-large size-large wp-image-4960\" alt=\"\" srcset=\"https:\/\/logivia.cl\/wp-content\/uploads\/2025\/10\/LOGIVIA_004-1024x512.jpg 1024w, https:\/\/logivia.cl\/wp-content\/uploads\/2025\/10\/LOGIVIA_004-300x150.jpg 300w, https:\/\/logivia.cl\/wp-content\/uploads\/2025\/10\/LOGIVIA_004-768x384.jpg 768w, https:\/\/logivia.cl\/wp-content\/uploads\/2025\/10\/LOGIVIA_004-1536x768.jpg 1536w, https:\/\/logivia.cl\/wp-content\/uploads\/2025\/10\/LOGIVIA_004-600x300.jpg 600w, https:\/\/logivia.cl\/wp-content\/uploads\/2025\/10\/LOGIVIA_004.jpg 2000w\" sizes=\"(max-width: 800px) 100vw, 800px\" \/><\/div>\n\t\t<\/a>\n\t\t\t\t<div class=\"elementor-post__text\">\n\t\t\t\t<h3 class=\"elementor-post__title\">\n\t\t\t<a href=\"https:\/\/logivia.cl\/index.php\/2025\/10\/27\/gestion-integral-y-coordinacion-de-transporte-especial\/\" >\n\t\t\t\tGesti\u00f3n Integral y Coordinaci\u00f3n de Transporte Especial\t\t\t<\/a>\n\t\t<\/h3>\n\t\t\t\t<div class=\"elementor-post__excerpt\">\n\t\t\t<p>En Logivia entendemos que el \u00e9xito de un traslado de carga sobredimensionada no depende solo de los veh\u00edculos o del acompa\u00f1amiento en ruta, sino de una coordinaci\u00f3n log\u00edstica integral que asegure el cumplimiento normativo, la eficiencia operativa y la seguridad en cada etapa del proceso. Por eso, ofrecemos nuestro Servicio<\/p>\n\t\t<\/div>\n\t\t\n\t\t<a class=\"elementor-post__read-more\" href=\"https:\/\/logivia.cl\/index.php\/2025\/10\/27\/gestion-integral-y-coordinacion-de-transporte-especial\/\" aria-label=\"M\u00e1s informaci\u00f3n sobre Gesti\u00f3n Integral y Coordinaci\u00f3n de Transporte Especial\" tabindex=\"-1\" >\n\t\t\tLeer m\u00e1s \u00bb\t\t<\/a>\n\n\t\t\t\t<\/div>\n\t\t\t\t<\/article>\n\t\t\t\t<\/div>\n\t\t\n\t\t\t\t\t\t<\/div>\n\t\t\t\t<\/div>\n\t\t\t\t\t<\/div>\n\t\t<\/div>\n\t\t\t\t\t<\/div>\n\t\t<\/section>\n\t\t\t\t<\/div>\n\t\t","protected":false},"excerpt":{"rendered":"","protected":false},"author":3,"featured_media":4964,"parent":0,"menu_order":0,"comment_status":"closed","ping_status":"closed","template":"","meta":{"footnotes":""},"class_list":["post-4763","page","type-page","status-publish","has-post-thumbnail","hentry"],"_links":{"self":[{"href":"https:\/\/logivia.cl\/index.php\/wp-json\/wp\/v2\/pages\/4763","targetHints":{"allow":["GET"]}}],"collection":[{"href":"https:\/\/logivia.cl\/index.php\/wp-json\/wp\/v2\/pages"}],"about":[{"href":"https:\/\/logivia.cl\/index.php\/wp-json\/wp\/v2\/types\/page"}],"author":[{"embeddable":true,"href":"https:\/\/logivia.cl\/index.php\/wp-json\/wp\/v2\/users\/3"}],"replies":[{"embeddable":true,"href":"https:\/\/logivia.cl\/index.php\/wp-json\/wp\/v2\/comments?post=4763"}],"version-history":[{"count":16,"href":"https:\/\/logivia.cl\/index.php\/wp-json\/wp\/v2\/pages\/4763\/revisions"}],"predecessor-version":[{"id":5110,"href":"https:\/\/logivia.cl\/index.php\/wp-json\/wp\/v2\/pages\/4763\/revisions\/5110"}],"wp:featuredmedia":[{"embeddable":true,"href":"https:\/\/logivia.cl\/index.php\/wp-json\/wp\/v2\/media\/4964"}],"wp:attachment":[{"href":"https:\/\/logivia.cl\/index.php\/wp-json\/wp\/v2\/media?parent=4763"}],"curies":[{"name":"wp","href":"https:\/\/api.w.org\/{rel}","templated":true}]}}